{"id":39,"date":"2024-11-27T17:49:21","date_gmt":"2024-11-27T16:49:21","guid":{"rendered":"https:\/\/missdidi.pl\/?page_id=39"},"modified":"2026-03-04T23:36:27","modified_gmt":"2026-03-04T22:36:27","slug":"o-mnie","status":"publish","type":"page","link":"https:\/\/missdidi.pl\/","title":{"rendered":"&#8230;"},"content":{"rendered":"\n<h2 class=\"wp-block-heading has-luminous-vivid-amber-color has-text-color has-link-color wp-elements-fcd8354fee0179fd4b436fb59c3f0dc5\"><strong><mark style=\"background-color:rgba(0, 0, 0, 0)\" class=\"has-inline-color has-vivid-green-cyan-color\">O mnie<\/mark><\/strong><\/h2>\n\n\n\n<p><mark style=\"background-color:rgba(0, 0, 0, 0)\" class=\"has-inline-color has-white-color\">Cze\u015b\u0107 wszystkim!<\/mark><\/p>\n\n\n\n<p class=\"has-luminous-vivid-amber-color has-text-color has-link-color wp-elements-0de034e58760d9fe0cc9d7f3df36667b\"><\/p>\n\n\n\n<p class=\"has-luminous-vivid-amber-color has-text-color has-link-color wp-elements-faca4a75fc206e2cd41d2f2f67c7127d\"><mark style=\"background-color:rgba(0, 0, 0, 0)\" class=\"has-inline-color has-white-color\">Mam na imi\u0119 Daria. Jestem re\u017cyserem zdj\u0119\u0107 i film\u00f3w, projektantk\u0105 mody oraz artystk\u0105 z natury. Mam w\u0142asn\u0105, wyj\u0105tkow\u0105 wizj\u0119, kt\u00f3r\u0105 ch\u0119tnie si\u0119 z Tob\u0105 podziel\u0119, tworz\u0105c arcydzie\u0142a fotograficzne i wideo.<\/mark><\/p>\n\n\n\n<p><mark style=\"background-color:rgba(0, 0, 0, 0)\" class=\"has-inline-color has-white-color\">Pracuj\u0119 z profesjonaln\u0105 kamer\u0105 Canon, specjalistycznym o\u015bwietleniem oraz w ustalonych lokalizacjach na terenie Katowic i okolic.<\/mark><\/p>\n\n\n\n<p><\/p>\n\n\n\n<p><\/p>\n\n\n\n<p><strong><mark style=\"background-color:rgba(0, 0, 0, 0)\" class=\"has-inline-color has-white-color\">Cennik:<\/mark><\/strong><\/p>\n\n\n\n<p class=\"has-luminous-vivid-amber-color has-text-color has-link-color wp-elements-400479cbc38de02ebb9b1075dbf708ba\"><mark style=\"background-color:rgba(0, 0, 0, 0)\" class=\"has-inline-color has-white-color\">Nagranie wideo: <\/mark><mark style=\"background-color:rgba(0, 0, 0, 0)\" class=\"has-inline-color has-vivid-green-cyan-color\">250 z\u0142<\/mark> <mark style=\"background-color:rgba(0, 0, 0, 0)\" class=\"has-inline-color has-white-color\">10 minut.<\/mark><\/p>\n\n\n\n<p><mark style=\"background-color:rgba(0, 0, 0, 0)\" class=\"has-inline-color has-white-color\">Sesja bez studia:<\/mark><mark style=\"background-color:rgba(0, 0, 0, 0)\" class=\"has-inline-color has-vivid-green-cyan-color\"> 300 z\u0142\/h<\/mark><mark style=\"background-color:rgba(0, 0, 0, 0)\" class=\"has-inline-color has-white-color\">. Sesja w studiu: <\/mark><mark style=\"background-color:rgba(0, 0, 0, 0)\" class=\"has-inline-color has-vivid-green-cyan-color\">400-470 z\u0142\/h<\/mark><mark style=\"background-color:rgba(0, 0, 0, 0)\" class=\"has-inline-color has-white-color\"> (cena zale\u017cy od wybranej studia)<\/mark><mark style=\"background-color:rgba(0, 0, 0, 0)\" class=\"has-inline-color has-vivid-green-cyan-color\"> 30 zdj\u0119\u0107 <\/mark><mark style=\"background-color:rgba(0, 0, 0, 0)\" class=\"has-inline-color has-white-color\">.<\/mark><\/p>\n\n\n\n<p><mark style=\"background-color:rgba(0, 0, 0, 0)\" class=\"has-inline-color has-white-color\">Kr\u00f3tki klip wideo (do 1 min) &#8211; \u201eReels\u201d: <\/mark><mark style=\"background-color:rgba(0, 0, 0, 0)\" class=\"has-inline-color has-vivid-green-cyan-color\">70<\/mark><mark style=\"background-color:rgba(0, 0, 0, 0)\" class=\"has-inline-color has-vivid-green-cyan-color\"> z\u0142<\/mark><mark style=\"background-color:rgba(0, 0, 0, 0)\" class=\"has-inline-color has-white-color\">.<\/mark><\/p>\n\n\n\n<ol class=\"wp-block-list\">\n<li><mark style=\"background-color:rgba(0, 0, 0, 0)\" class=\"has-inline-color has-white-color\">Sesja portretowa \u2014 indywidualne zdj\u0119cia dla siebie, medi\u00f3w spo\u0142eczno\u015bciowych lub portfolio<\/mark>.<\/li>\n\n\n\n<li><mark style=\"background-color:rgba(0, 0, 0, 0)\" class=\"has-inline-color has-white-color\">Sesja &#8222;Love story&#8221; \u2014 zdj\u0119cia zakochanych par.<\/mark><\/li>\n\n\n\n<li><mark style=\"background-color:rgba(0, 0, 0, 0)\" class=\"has-inline-color has-white-color\">Sesja rodzinna \u2014 z dzie\u0107mi, rodzicami, w plenerze lub w studiu.<\/mark><\/li>\n\n\n\n<li><mark style=\"background-color:rgba(0, 0, 0, 0)\" class=\"has-inline-color has-white-color\">Fotografia \u015blubna \u2014 od przygotowa\u0144 po przyj\u0119cie weselne.<\/mark><\/li>\n\n\n\n<li><mark style=\"background-color:rgba(0, 0, 0, 0)\" class=\"has-inline-color has-white-color\">Sesja dzieci\u0119ca \u2014 od noworodk\u00f3w po dzieci w wieku szkolnym.<\/mark><\/li>\n\n\n\n<li><mark style=\"background-color:rgba(0, 0, 0, 0)\" class=\"has-inline-color has-white-color\">Portret biznesowy \/ zdj\u0119cia korporacyjne<\/mark><\/li>\n\n\n\n<li><mark style=\"background-color:rgba(0, 0, 0, 0)\" class=\"has-inline-color has-white-color\">Sesja contentowa do social medi\u00f3w \u2014 dla marki osobistej lub ma\u0142ego biznesu.<\/mark><\/li>\n\n\n\n<li><mark style=\"background-color:rgba(0, 0, 0, 0)\" class=\"has-inline-color has-white-color\">Sesja okoliczno\u015bciowa \u2014 Bo\u017ce Narodzenie, urodziny, baby shower i inne.<\/mark><\/li>\n<\/ol>\n\n\n\n<p class=\"has-vivid-red-color has-text-color has-link-color wp-elements-7bf566f4c1f1eb2172abde1d56460f14\"><strong><mark style=\"background-color:#8ed1fc\" class=\"has-inline-color\">Kontakt telefoniczny: +48664839188, <a href=\"https:\/\/www.facebook.com\/miss.didi.photographer\" data-type=\"link\" data-id=\"https:\/\/www.facebook.com\/miss.didi.photographer\">Facebook: miss.didi.photographer<\/a> , <a href=\"https:\/\/www.instagram.com\/miss.didi.photographer\/\" data-type=\"link\" data-id=\"https:\/\/www.instagram.com\/miss.didi.photographer\/\">Instagram: miss.didi.photographer<\/a><\/mark><\/strong><\/p>\n\n\n\n<p><\/p>\n","protected":false},"excerpt":{"rendered":"<p>O mnie Cze\u015b\u0107 wszystkim! Mam na imi\u0119 Daria. Jestem re\u017cyserem zdj\u0119\u0107 i film\u00f3w, projektantk\u0105 mody oraz artystk\u0105 z natury. Mam w\u0142asn\u0105, wyj\u0105tkow\u0105 wizj\u0119, kt\u00f3r\u0105 ch\u0119tnie si\u0119 z Tob\u0105 podziel\u0119, tworz\u0105c arcydzie\u0142a fotograficzne i wideo. Pracuj\u0119 z profesjonaln\u0105 kamer\u0105 Canon, specjalistycznym o\u015bwietleniem oraz w ustalonych lokalizacjach na terenie Katowic i okolic. Cennik: Nagranie wideo: 250 z\u0142 [&hellip;]<\/p>\n","protected":false},"author":1,"featured_media":0,"parent":0,"menu_order":0,"comment_status":"closed","ping_status":"closed","template":"","meta":{"footnotes":""},"class_list":["post-39","page","type-page","status-publish","hentry"],"_links":{"self":[{"href":"https:\/\/missdidi.pl\/index.php?rest_route=\/wp\/v2\/pages\/39","targetHints":{"allow":["GET"]}}],"collection":[{"href":"https:\/\/missdidi.pl\/index.php?rest_route=\/wp\/v2\/pages"}],"about":[{"href":"https:\/\/missdidi.pl\/index.php?rest_route=\/wp\/v2\/types\/page"}],"author":[{"embeddable":true,"href":"https:\/\/missdidi.pl\/index.php?rest_route=\/wp\/v2\/users\/1"}],"replies":[{"embeddable":true,"href":"https:\/\/missdidi.pl\/index.php?rest_route=%2Fwp%2Fv2%2Fcomments&post=39"}],"version-history":[{"count":47,"href":"https:\/\/missdidi.pl\/index.php?rest_route=\/wp\/v2\/pages\/39\/revisions"}],"predecessor-version":[{"id":416,"href":"https:\/\/missdidi.pl\/index.php?rest_route=\/wp\/v2\/pages\/39\/revisions\/416"}],"wp:attachment":[{"href":"https:\/\/missdidi.pl\/index.php?rest_route=%2Fwp%2Fv2%2Fmedia&parent=39"}],"curies":[{"name":"wp","href":"https:\/\/api.w.org\/{rel}","templated":true}]}}